 - 153*m - 85. Give c(-9).
-4
Let s(c) = -16*c - 41. What is s(17)?
-313
Let j(l) = -51*l - 8429. Calculate j(-165).
-14
Let l(n) = -19*n - 957. Calculate l(-50).
-7
Let z(k) = k**2 - 2*k - 191. Calculate z(-13).
4
Let y(h) = 259*h + 4933. Determine y(-19).
12
Let a(b) = 886*b + 878. What is a(-1)?
-8
Let n(k) = 349*k**3 + 16*k**2 + 16*k. Give n(-1).
-349
Let b(i) = i**3 - 3*i**2 + 208. Give b(0).
208
Let s(o) = -o**3 - 12*o**2 - 7*o - 57. Determine s(-11).
-101
Let o(v) = v**3 + 32*v**2 - 37*v - 123. What is o(-33)?
9
Let d(m) = 70*m - 340. Calculate d(5).
10
Let p(n) = n**3 + 30*n**2 + 273*n + 680. Give p(-14).
-6
Let w(d) = -d**2 - 22*d + 32. Determine w(-15).
137
Let c(a) = 45*a + 1884. Calculate c(-30).
534
Let s(h) = -223*h**2 - 37021*h - 494. What is s(-166)?
4
Let a(k) = -371*k + 2959. Determine a(8).
-9
Let s(l) = -3*l**3 + 4*l**2 + 11*l - 23. Give s(2).
-9
Let t(i) = 9*i**3 + 2*i**2 + 4*i + 4. Calculate t(-1).
-7
Let p(r) = -r**3 - 10*r**2 + 76*r + 31. Determine p(-16).
351
Let l(i) = -460*i + 10110. What is l(22)?
-10
Let o(g) = -187*g + 10658. Calculate o(57).
-1
Let l(f) = -3*f**2 - 16*f - 8. Calculate l(3).
-83
Let r(y) = -114*y - 2503. Determine r(-22).
5
Let d(v) = 3*v**2 - 121*v + 353. What is d(3)?
17
Let r(h) = h**3 + 32*h**2 + 254*h + 12. Give r(-14).
-16
Let m(u) = u**3 - 40*u**2 + 167*u - 1. Calculate m(6).
-223
Let v(i) = 14*i**3 + 2*i**2 - i + 2. Calculate v(1).
17
Let y(r) = 587*r + 2947. Calculate y(-5).
12
Let n(i) = -2*i**2 + 73*i + 42. What is n(37)?
5
Let k(x) = x**3 - 36*x**2 - 33*x - 98. Determine k(37).
50
Let a(u) = 1237*u - 1189. Determine a(1).
48
Let c(g) = g**2 + 147*g + 429. Give c(-144).
-3
Let a(w) = 4*w**2 - 159*w + 1180. Calculate a(8).
164
Let y(c) = c**3 + 2*c**2 - 33*c - 82. Determine y(-5).
8
Let p(j) = j**3 + 9*j**2 - 30*j - 85. Give p(-11).
3
Let c(h) = -4*h + 51. Calculate c(10).
11
Let o(d) = -6*d**2 + 14*d + 26. Give o(4).
-14
Let x(f) = 1003*f + 5015. Determine x(-5).
0
Let a(h) = -h**2 - 29*h - 64. Determine a(-3).
14
Let j(m) = -90*m**3 - 899*m**2 + 35*m + 244. Calculate j(-10).
-6
Let v(r) = -90*r - 2969. What is v(-33)?
1
Let u(b) = -b**2 - 86*b + 446. Calculate u(5).
-9
Let s(g) = g**3 - 15*g**2 + 24*g - 129. What is s(14)?
11
Let q(w) = -w**3 + 8*w**2 - 4*w. Give q(7).
21
Let s(w) = 2*w**3 + 3*w**2 + 2*w + 2. Calculate s(-2).
-6
Let o(c) = 2*c**3 - 23*c**2 + 150*c - 3. What is o(6)?
501
Let b(j) = -j**2 + 87*j - 1357. Calculate b(63).
155
Let l(n) = -32*n - 121. What is l(-10)?
199
Let u(s) = -27*s - 103. Calculate u(-5).
32
Let z(g) = g**3 + 8*g**2 + 6*g - 2. What is z(-5)?
43
Let x(b) = b**2 - 370*b - 745. Calculate x(-2).
-1
Let a(h) = -h**3 + 8*h**2 - 5*h + 26. Give a(8).
-14
Let q(k) = -3*k**2 - 272*k - 1561. Give q(-6).
-37
Let b(r) = 35*r + 968. Calculate b(-29).
-47
Let l(a) = -a**2 + 50*a - 37. What is l(0)?
-37
Let n(s) = s**2 - 71*s + 1191. Calculate n(24).
63
Let n(x) = 77*x + 144. Determine n(-2).
-10
Let t(g) = g**3 - 62*g**2 + 123*g - 188. Give t(60).
-8
Let y(u) = -6*u**2 + 35*u - 12. What is y(5)?
13
Let d(a) = -329*a - 7965. Determine d(-24).
-69
Let b(q) = 44*q**2 - 483*q + 32. What is b(11)?
43
Let z(v) = v**2 - 90*v + 350. What is z(4)?
6
Let c(m) = -2*m**3 - 62*m**2 + 4*m - 6. What is c(-31)?
-130
Let j(b) = -43*b + 3982. Give j(93).
-17
Let h(t) = -t**3 - 11*t**2 + 12*t + 100. Determine h(-13).
282
Let g(n) = 305*n + 1604. Give g(-5).
79
Let x(q) = 3*q**2 - 35*q + 111. Calculate x(6).
9
Let v(b) = b**2 - 55*b + 28. Determine v(15).
-572
Let p(x) = 294*x - 20870. What is p(71)?
4
Let f(x) = -161*x + 648. Determine f(3).
165
Let s(a) = -a**2 - 8*a + 7. What is s(-4)?
23
Let m(u) = 10*u + 50. Give m(-3).
20
Let t(w) = w**2 + 2*w - 532. Give t(-24).
-4
Let b(h) = 62*h**3 + 3*h**2 - 25*h + 42. Give b(2).
500
Let w(c) = -342*c**2 - 215*c - 214. What is w(-1)?
-341
Let u(v) = -v**3 + 10*v**2 - 21*v - 18. What is u(6)?
0
Let f(r) = 16*r**2 - r - 17. What is f(-5)?
388
Let j(b) = -8*b**3 + b**2 - 12*b - 13. Determine j(-2).
79
Let q(x) = 109*x - 3500. Give q(32).
-12
Let c(y) = 2*y**3 + y**2 + 9*y - 8. Give c(1).
4
Let l(h) = 53*h**3 + 4*h**2 - 14*h - 16. What is l(-1)?
-51
Let p(h) = -2*h**2 - 23*h + 46. What is p(-9)?
91
Let i(c) = 2*c**3 + 33*c**2 - 63*c - 150. Determine i(-18).
12
Let b(v) = 29*v + 1026. Calculate b(-17).
533
Let f(s) = -s**2 - 52*s + 429. What is f(-60)?
-51
Let f(h) = -35*h**2 + 331*h + 13. Calculate f(10).
-177
Let l(x) = 328*x - 76743. Determine l(234).
9
Let c(f) = 9*f**2 - 184*f + 237. Determine c(19).
-10
Let x(a) = 5*a**3 - 148*a**2 - 54*a - 129. What is x(30)?
51
Let g(y) = y**3 + 11*y**2 - 40*y - 156. Give g(-12).
180
Let m(u) = -19*u**2 + 3*u + 6. What is m(-1)?
-16
Let i(h) = -427*h + 146463. Determine i(343).
2
Let v(z) = -31057*z + 31064. Give v(1).
7
Let q(i) = -214*i**2 - 3208*i + 36. What is q(-15)?
6
Let a(k) = -4*k**3 + 67*k**2 + 20*k - 25. Determine a(17).
26
Let b(l) = 2*l**2 - 72*l + 97. Calculate b(29).
-309
Let z(l) = l**3 - 42*l**2 - 98*l + 422. Calculate z(44).
-18
Let p(w) = 3*w**3 + 43*w**2 + 15*w + 16. Determine p(-14).
2
Let o(d) = -97*d + 1310. Give o(14).
-48
Let c(f) = f**3 + 14*f**2 - 47*f - 67. Determine c(-14).
591
Let z(l) = -34*l - 2762. Give z(-81).
-8
Let a(r) = r**3 + 17*r**2 + 56*r - 14. Determine a(-12).
34
Let b(t) = t**2 + 16*t + 25. Give b(-19).
82
Let t(u) = 3*u**3 + 7*u**2 - u + 876. Give t(0).
876
Let f(q) = 17*q + 1181. What is f(-70)?
-9
Let j(m) = 2*m**2 + 17*m + 39. Determine j(-5).
4
Let l(q) = 3241*q - 288447. What is l(89)?
2
Let o(f) = f**3 - 65*f**2 - 132*f - 144. Calculate o(67).
-10
Let g(n) = -n**3 + 75*n**2 - 476*n + 8. Give g(7).
8
Let p(n) = -2*n**3 + 49*n**2 + 136*n - 5. Give p(27).
22
Let h(r) = -71*r - 64. Determine h(-5).
291
Let i(r) = -348*r - 4370. What is i(-13)?
154
Let p(v) = -741*v + 7390. What is p(10)?
-20
Let n(s) = -53*s - 882. Calculate n(-17).
19
Let h(x) = -x - 14. Determine h(-45).
31
Let c(i) = 2*i**3 - 3*i**2 - 11*i - 45. What is c(6)?
213
Let b(a) = -6*a - 271. What is b(-54)?
53
Let z(k) = 286*k - 1720. Give z(6).
-4
Let v(c) = 29*c - 1070. Determine v(38).
32
Let o(v) = -5*v**3 + 12*v**2 + 14*v - 23. Determine o(2).
13
Let m(z) = -10*z + 227. Give m(19).
37
Let y(p) = -p**2 + 33*p - 148. What is y(28)?
-8
Let m(t) = t**2 - 58*t + 534. Calculate m(11).
17
Let s(g) = -36*g - 2485. Give s(-75).
215
Let c(o) = o**3 - 108*o**2 + 317*o + 15. Calculate c(105).
225
Let x(w) = -w**3 + 61*w**2 - 62*w + 122. Give x(60).
2
Let m(u) = 15*u - 121. What is m(10)?
29
Let c(n) = 5*n**3 + 113*n**2 + 36*n - 642. Determine c(-22).
18
Let p(b) = -94*b + 3085. Determine p(33).
-17
Let j(o) = 2*o**2 - 193*o - 18581. Determine j(156).
-17
Let p(l) = -l**3 - 18*l**2 - 37*l + 25. Calculate p(-15).
-95
Let l(t) = -16*t + 767. Calculate l(49).
-17
Let x(m) = -m**3 + 4*m**2 - 137*m + 534. Determine x(4).
-14
Let s(l) = 7*l**3 + 4*l**2 - 2. What is s(3)?
223
Let a(g) = 1372*g + 18. Calculate a(0).
18
Let c(w) = 149*w - 7752. Give c(52).
-4
Let o(i) = -i**3 - 17*i**2 - 63*i - 30. What is o(-9)?
-111
Let m(g) = -27*g**2 + 5*g + 7. What is m(-3)?
-251
Let d(p) = 2*p**3 - 166*p**2 + 48*p - 4031. What is d(83)?
-47
Let i(d) = 48*d + 489. Determine i(-11).
-39
Let k(o) = -638*o - 2267. Determine k(-4).
285
Let u(x) = x**3 - 9*x**2 + 7*x - 19. Determine u(8).
-27
Let k(c) = -6*c**3 - 41*c**2 - 37*c - 25. Determine k(-5).
-115
Let s(r) = -14*r - 34. What is s(3)?
-76
Let c(n) = n**2 + 106*n - 2240. Determine c(-124).
-8
Let o(c) = -4*c - 132. Give o(-22).
-44
Let f(l) = l**3 + 11*l**2 - 12*l + 53. Calculate f(-12).
53
Let g(v) = -3*v**2 + 27*v - 17. Calculate g(9).
-17
Let b(z) = 9*z**2 - 2*z + 9. Determine b(5).
224
Let u(d) = -5813*d + 58118. What is u(10)?
-12
Let c(l) = 4*l**2 + 41*l + 26. Determine c(-14).
236
Let k(h) = -5*h**2 + 21*h + 33. Determine k(6).
-21
Let r(u) = 286*u + 2319. Give r(-8).
31
Let r(m) = -85*m + 1114. Calculate r(13).
9
Let x(y) = -y**3 + 2*y**2 + 12*y - 31. Give x(2).
-7
Let n(h) = h**3 - 20*h**2 + 43*h + 611. Determine n(12).
-25
Let c(u) = -u**2 + 117*u - 829. What is c(7)?
-59
Let j(v) = 419*v + 20555. Calculate j(-49).
24
Let h(o) = -2*o**3 - 61*o**2 + 30*o - 49. Give h(-31).
-18
Let i(p) = 12*p**2 - 39*p + 6. What is i(3)?
-3
Let i(s) = -105*s**3 + 420*s**2 + 58*